{"id":2,"date":"2010-06-30T21:25:43","date_gmt":"2010-06-30T21:25:43","guid":{"rendered":"http:\/\/rediles.com\/cuentameuncuento\/?page_id=2"},"modified":"2018-08-16T23:08:49","modified_gmt":"2018-08-16T23:08:49","slug":"acerca-de","status":"publish","type":"page","link":"http:\/\/rediles.com\/cuentameuncuento\/acerca-de\/","title":{"rendered":"Acerca de"},"content":{"rendered":"<p>Cu\u00e9ntame un cuento no es un blog personal. Es un blog en el que todos los usuarios registrados podr\u00e1n publicar sus propios cuentos.<\/p>\n<p>Se admitir\u00e1n tanto cuentos infantiles como para adultos, siempre que el contenido sea m\u00e1s o menos sencillo de leer, que su mensaje sea constructivo, y que se trate de un cuento original. Tan solo se admitir\u00e1n copias si las pone el autor original. Las obras se publicar\u00e1n bajo licencia creative commons, de forma que cualquiera pueda reproducirlas y publicarlas, siempre que mencione al autor, y no se trate de una publicaci\u00f3n con \u00e1nimo de lucro.<\/p>\n<p>Para que algunos puedan disfrutar de la lectura, otros (o los mismos) deben disfrutar de la escritura<\/p>\n","protected":false},"excerpt":{"rendered":"<p>Cu\u00e9ntame un cuento no es un blog personal. Es un blog en el que todos los usuarios registrados podr\u00e1n publicar sus propios cuentos. Se admitir\u00e1n tanto cuentos infantiles como para adultos, siempre que el contenido sea m\u00e1s o menos sencillo &hellip; <a href=\"http:\/\/rediles.com\/cuentameuncuento\/acerca-de\/\">Sigue leyendo <span class=\"meta-nav\">&rarr;<\/span><\/a><\/p>\n","protected":false},"author":24,"featured_media":0,"parent":0,"menu_order":0,"comment_status":"closed","ping_status":"closed","template":"","meta":{"_bbp_topic_count":0,"_bbp_reply_count":0,"_bbp_total_topic_count":0,"_bbp_total_reply_count":0,"_bbp_voice_count":0,"_bbp_anonymous_reply_count":0,"_bbp_topic_count_hidden":0,"_bbp_reply_count_hidden":0,"_bbp_forum_subforum_count":0,"footnotes":"","_links_to":"","_links_to_target":""},"class_list":["post-2","page","type-page","status-publish","hentry"],"_links":{"self":[{"href":"http:\/\/rediles.com\/cuentameuncuento\/wp-json\/wp\/v2\/pages\/2","targetHints":{"allow":["GET"]}}],"collection":[{"href":"http:\/\/rediles.com\/cuentameuncuento\/wp-json\/wp\/v2\/pages"}],"about":[{"href":"http:\/\/rediles.com\/cuentameuncuento\/wp-json\/wp\/v2\/types\/page"}],"author":[{"embeddable":true,"href":"http:\/\/rediles.com\/cuentameuncuento\/wp-json\/wp\/v2\/users\/24"}],"replies":[{"embeddable":true,"href":"http:\/\/rediles.com\/cuentameuncuento\/wp-json\/wp\/v2\/comments?post=2"}],"version-history":[{"count":2,"href":"http:\/\/rediles.com\/cuentameuncuento\/wp-json\/wp\/v2\/pages\/2\/revisions"}],"predecessor-version":[{"id":19,"href":"http:\/\/rediles.com\/cuentameuncuento\/wp-json\/wp\/v2\/pages\/2\/revisions\/19"}],"wp:attachment":[{"href":"http:\/\/rediles.com\/cuentameuncuento\/wp-json\/wp\/v2\/media?parent=2"}],"curies":[{"name":"wp","href":"https:\/\/api.w.org\/{rel}","templated":true}]}}