{"id":2,"date":"2016-11-20T02:03:08","date_gmt":"2016-11-20T02:03:08","guid":{"rendered":"http:\/\/rediles.com\/ekoburuz\/?page_id=2"},"modified":"2016-11-20T02:40:25","modified_gmt":"2016-11-20T02:40:25","slug":"ekoburuz","status":"publish","type":"page","link":"http:\/\/rediles.com\/ekoburuz\/","title":{"rendered":"Ekoburuz &#8211; Asociaci\u00f3n Ecocultural"},"content":{"rendered":"<p>La gestaci\u00f3n de la Asociaci\u00f3n Ecocultural Ekoburuz comenz\u00f3 en 2011, cuando un peque\u00f1o grupo de personas nos planteamos nuestras inquietudes en el \u00e1mbito socio-eco-cultural, y quisimos buscar una forma de tratar de influir positivamente sobre ellas.<\/p>\n<p>El 2 de enero de 2012 se present\u00f3 la solicitud de alta de la asociaci\u00f3n, y el 23 de febrero de ese mismo a\u00f1o qued\u00f3 registrada en el Registro de Asociaciones del Gobierno Vasco.<\/p>\n<p>A partir de entonces, trataremos de ir promoviendo diversos proyectos que nos parezcan de inter\u00e9s para cumplir con los objetivos detallados en nuestros estatutos:<\/p>\n<ul>\n<li style=\"padding-left: 30px;\">Fomentar la conservaci\u00f3n de la naturaleza y de su biodiversidad<\/li>\n<li style=\"padding-left: 30px;\">Fomentar el uso de t\u00e9cnicas agrarias respetuosas con el medio ambiente<\/li>\n<li style=\"padding-left: 30px;\">Fomentar un modo de vida y una alimentaci\u00f3n sana y natural<\/li>\n<li style=\"padding-left: 30px;\">Fomentar el uso racional a largo plazo de los recursos<\/li>\n<\/ul>\n","protected":false},"excerpt":{"rendered":"<p>La gestaci\u00f3n de la Asociaci\u00f3n Ecocultural Ekoburuz comenz\u00f3 en 2011, cuando un peque\u00f1o grupo de personas nos planteamos nuestras inquietudes en el \u00e1mbito socio-eco-cultural, y quisimos buscar una forma de tratar de influir positivamente sobre ellas. El 2 de enero de 2012 se present\u00f3 la solicitud de alta de la asociaci\u00f3n, y el 23 de &hellip; <a href=\"http:\/\/rediles.com\/ekoburuz\/\" class=\"more-link\">Sigue leyendo <span class=\"screen-reader-text\">Ekoburuz &#8211; Asociaci\u00f3n Ecocultural<\/span><\/a><\/p>\n","protected":false},"author":2,"featured_media":0,"parent":0,"menu_order":0,"comment_status":"closed","ping_status":"open","template":"","meta":{"_bbp_topic_count":0,"_bbp_reply_count":0,"_bbp_total_topic_count":0,"_bbp_total_reply_count":0,"_bbp_voice_count":0,"_bbp_anonymous_reply_count":0,"_bbp_topic_count_hidden":0,"_bbp_reply_count_hidden":0,"_bbp_forum_subforum_count":0,"footnotes":"","_links_to":"","_links_to_target":""},"class_list":["post-2","page","type-page","status-publish","hentry"],"_links":{"self":[{"href":"http:\/\/rediles.com\/ekoburuz\/wp-json\/wp\/v2\/pages\/2","targetHints":{"allow":["GET"]}}],"collection":[{"href":"http:\/\/rediles.com\/ekoburuz\/wp-json\/wp\/v2\/pages"}],"about":[{"href":"http:\/\/rediles.com\/ekoburuz\/wp-json\/wp\/v2\/types\/page"}],"author":[{"embeddable":true,"href":"http:\/\/rediles.com\/ekoburuz\/wp-json\/wp\/v2\/users\/2"}],"replies":[{"embeddable":true,"href":"http:\/\/rediles.com\/ekoburuz\/wp-json\/wp\/v2\/comments?post=2"}],"version-history":[{"count":2,"href":"http:\/\/rediles.com\/ekoburuz\/wp-json\/wp\/v2\/pages\/2\/revisions"}],"predecessor-version":[{"id":7,"href":"http:\/\/rediles.com\/ekoburuz\/wp-json\/wp\/v2\/pages\/2\/revisions\/7"}],"wp:attachment":[{"href":"http:\/\/rediles.com\/ekoburuz\/wp-json\/wp\/v2\/media?parent=2"}],"curies":[{"name":"wp","href":"https:\/\/api.w.org\/{rel}","templated":true}]}}